{"id":1965,"date":"2023-10-02T09:00:50","date_gmt":"2023-10-02T07:00:50","guid":{"rendered":"https:\/\/maboule.be\/?post_type=portfolio_page&#038;p=1965"},"modified":"2023-11-28T09:09:33","modified_gmt":"2023-11-28T08:09:33","slug":"nosferatu","status":"publish","type":"portfolio_page","link":"https:\/\/maboule.be\/index.php\/portfolio_page\/nosferatu\/","title":{"rendered":"Nosferatu"},"content":{"rendered":"<div class=\"wpb-content-wrapper\"><p>[vc_row css_animation=\u00a0\u00bb\u00a0\u00bb row_type=\u00a0\u00bbrow\u00a0\u00bb use_row_as_full_screen_section=\u00a0\u00bbno\u00a0\u00bb type=\u00a0\u00bbfull_width\u00a0\u00bb angled_section=\u00a0\u00bbno\u00a0\u00bb text_align=\u00a0\u00bbleft\u00a0\u00bb background_image_as_pattern=\u00a0\u00bbwithout_pattern\u00a0\u00bb][vc_column][vc_column_text]<\/p>\n<h2><strong>Th\u00e9\u00e2tre d\u2019objet<\/strong><\/h2>\n<p>Dans un ballet improbable d\u2019ampoules, de mixers et autres objets en tout genre, sur une partition musicale qui jongle all\u00e8grement avec les bandes originales des films d\u2019\u00e9pouvante, le mythe de Dracula en prend un sacr\u00e9 coup.<\/p>\n<p>&nbsp;<\/p>\n<p><i>Le retour tant attendu du Bob Th\u00e9\u00e2tre (apr\u00e8s Hans et Greutel et Princesse K) avec ce spectacle culte, qui n\u2019a pas pris une ride en 20 ans de tourn\u00e9e !<\/i><\/p>\n<p>&nbsp;<\/p>\n<p>&nbsp;<\/p>\n<p>&nbsp;<\/p>\n<blockquote>\n<div><b><em>\u201cLe Bob Th\u00e9\u00e2tre propose un Nosferatu pour ampoules et mixers effroyablement hilarant\u201d<\/em><br \/>\nLe Courrier de Gen\u00e8ve<\/b><\/div>\n<\/blockquote>\n<div><\/div>\n<div class=\"project-module module text project-module-text align- js-project-module e2e-site-project-module-text\">\n<div class=\"rich-text js-text-editable module-text\">\n<div>\n<div>\n<div><\/div>\n<\/div>\n<\/div>\n<\/div>\n<\/div>\n<p>&nbsp;<\/p>\n<h5><a href=\"https:\/\/www.bob-theatre.com\/NOSFERATU\" target=\"_blank\" rel=\"noopener\">www.bob-theatre.com\/NOSFERATU<\/a><\/h5>\n<p>&nbsp;<\/p>\n<p><span style=\"font-weight: 400;\">\u00a0<\/span><\/p>\n<h5><\/h5>\n<p>[\/vc_column_text][vc_empty_space][vc_empty_space][vc_column_text]<\/p>\n<h2><strong><b>Distribution<\/b><\/strong><\/h2>\n<p><strong>Adaptation, mise en sc\u00e8ne, interpr\u00e9tation\u00a0:<\/strong> Denis Athimon et Julien Mellano<br class=\"autobr\" \/><strong>Cr\u00e9ation lumi\u00e8re et son\u00a0:<\/strong> Alexandre Musset <br class=\"autobr\" \/><strong>Cr\u00e9ation musicale\u00a0:<\/strong> Olivier Mellano<br class=\"autobr\" \/><strong>R\u00e9gie\u00a0:<\/strong> Gwendal Malard ou Dorian D\u2019Hem (en alternance)<\/p>\n<hr class=\"spip\" \/>\n<p>Production : Bob Th\u00e9\u00e2tre \u2013 Rennes.<br \/>\nSoutiens : Th\u00e9\u00e2tre Lillico \u00e0 Rennes, Conseil R\u00e9gional de Bretagne, Ville de Rennes.<br \/>\nLe Bob Th\u00e9\u00e2tre est conventionn\u00e9 par le Minist\u00e8re de la Culture &#8211; DRAC de Bretagne. Il b\u00e9n\u00e9ficie du soutien de la R\u00e9gion Bretagne et de la Ville de Rennes.<span style=\"color: #888888;\"><br \/>\n<\/span><\/p>\n<p>&nbsp;<\/p>\n<p>&nbsp;<\/p>\n<p>&nbsp;<\/p>\n<p>&nbsp;<\/p>\n<p><span style=\"font-weight: 400;\">\u00a0<\/span><\/p>\n<h5><\/h5>\n<p>[\/vc_column_text][\/vc_column][\/vc_row]<\/p>\n<\/div>","protected":false},"excerpt":{"rendered":"<p>[vc_row css_animation=\u00a0\u00bb\u00a0\u00bb row_type=\u00a0\u00bbrow\u00a0\u00bb use_row_as_full_screen_section=\u00a0\u00bbno\u00a0\u00bb type=\u00a0\u00bbfull_width\u00a0\u00bb angled_section=\u00a0\u00bbno\u00a0\u00bb text_align=\u00a0\u00bbleft\u00a0\u00bb background_image_as_pattern=\u00a0\u00bbwithout_pattern\u00a0\u00bb][vc_column][vc_column_text] Th\u00e9\u00e2tre d\u2019objet Dans un ballet improbable d\u2019ampoules, de mixers et autres objets en tout genre, sur une partition musicale qui jongle all\u00e8grement avec les bandes originales des films d\u2019\u00e9pouvante, le mythe de Dracula en prend un sacr\u00e9&#8230;<\/p>\n","protected":false},"author":2,"featured_media":2148,"menu_order":0,"comment_status":"closed","ping_status":"closed","template":"","portfolio_category":[114,116,118,122,130],"portfolio_tag":[],"class_list":["post-1965","portfolio_page","type-portfolio_page","status-publish","has-post-thumbnail","hentry","portfolio_category-15-decembre","portfolio_category-16-decembre","portfolio_category-17-decembre","portfolio_category-en-salle","portfolio_category-payant"],"_links":{"self":[{"href":"https:\/\/maboule.be\/index.php\/wp-json\/wp\/v2\/portfolio_page\/1965","targetHints":{"allow":["GET"]}}],"collection":[{"href":"https:\/\/maboule.be\/index.php\/wp-json\/wp\/v2\/portfolio_page"}],"about":[{"href":"https:\/\/maboule.be\/index.php\/wp-json\/wp\/v2\/types\/portfolio_page"}],"author":[{"embeddable":true,"href":"https:\/\/maboule.be\/index.php\/wp-json\/wp\/v2\/users\/2"}],"replies":[{"embeddable":true,"href":"https:\/\/maboule.be\/index.php\/wp-json\/wp\/v2\/comments?post=1965"}],"wp:featuredmedia":[{"embeddable":true,"href":"https:\/\/maboule.be\/index.php\/wp-json\/wp\/v2\/media\/2148"}],"wp:attachment":[{"href":"https:\/\/maboule.be\/index.php\/wp-json\/wp\/v2\/media?parent=1965"}],"wp:term":[{"taxonomy":"portfolio_category","embeddable":true,"href":"https:\/\/maboule.be\/index.php\/wp-json\/wp\/v2\/portfolio_category?post=1965"},{"taxonomy":"portfolio_tag","embeddable":true,"href":"https:\/\/maboule.be\/index.php\/wp-json\/wp\/v2\/portfolio_tag?post=1965"}],"curies":[{"name":"wp","href":"https:\/\/api.w.org\/{rel}","templated":true}]}}

<div class="wpb-content-wrapper"><p>[vc_row css_animation= » » row_type= »row » use_row_as_full_screen_section= »no » type= »full_width » angled_section= »no » text_align= »left » background_image_as_pattern= »without_pattern »][vc_column][vc_column_text]</p>
<h2><strong>Théâtre d’objet</strong></h2>
<p>Dans un ballet improbable d’ampoules, de mixers et autres objets en tout genre, sur une partition musicale qui jongle allègrement avec les bandes originales des films d’épouvante, le mythe de Dracula en prend un sacré coup.</p>
<p>&nbsp;</p>
<p><i>Le retour tant attendu du Bob Théâtre (après Hans et Greutel et Princesse K) avec ce spectacle culte, qui n’a pas pris une ride en 20 ans de tournée !</i></p>
<p>&nbsp;</p>
<p>&nbsp;</p>
<p>&nbsp;</p>
<blockquote>
<div><b><em>“Le Bob Théâtre propose un Nosferatu pour ampoules et mixers effroyablement hilarant”</em><br />
Le Courrier de Genève</b></div>
</blockquote>
<div></div>
<div class="project-module module text project-module-text align- js-project-module e2e-site-project-module-text">
<div class="rich-text js-text-editable module-text">
<div>
<div>
<div></div>
</div>
</div>
</div>
</div>
<p>&nbsp;</p>
<h5><a href="https://www.bob-theatre.com/NOSFERATU" target="_blank" rel="noopener">www.bob-theatre.com/NOSFERATU</a></h5>
<p>&nbsp;</p>
<p><span style="font-weight: 400;"> </span></p>
<h5></h5>
<p>[/vc_column_text][vc_empty_space][vc_empty_space][vc_column_text]</p>
<h2><strong><b>Distribution</b></strong></h2>
<p><strong>Adaptation, mise en scène, interprétation :</strong> Denis Athimon et Julien Mellano<br class="autobr" /><strong>Création lumière et son :</strong> Alexandre Musset <br class="autobr" /><strong>Création musicale :</strong> Olivier Mellano<br class="autobr" /><strong>Régie :</strong> Gwendal Malard ou Dorian D’Hem (en alternance)</p>
<hr class="spip" />
<p>Production : Bob Théâtre – Rennes.<br />
Soutiens : Théâtre Lillico à Rennes, Conseil Régional de Bretagne, Ville de Rennes.<br />
Le Bob Théâtre est conventionné par le Ministère de la Culture &#8211; DRAC de Bretagne. Il bénéficie du soutien de la Région Bretagne et de la Ville de Rennes.<span style="color: #888888;"><br />
</span></p>
<p>&nbsp;</p>
<p>&nbsp;</p>
<p>&nbsp;</p>
<p>&nbsp;</p>
<p><span style="font-weight: 400;"> </span></p>
<h5></h5>
<p>[/vc_column_text][/vc_column][/vc_row]</p>
</div>

<p>[vc_row css_animation= » » row_type= »row » use_row_as_full_screen_section= »no » type= »full_width » angled_section= »no » text_align= »left » background_image_as_pattern= »without_pattern »][vc_column][vc_column_text] Théâtre d’objet Dans un ballet improbable d’ampoules, de mixers et autres objets en tout genre, sur une partition musicale qui jongle allègrement avec les bandes originales des films d’épouvante, le mythe de Dracula en prend un sacré&#8230;</p>
