{"id":1938,"date":"2024-10-06T13:44:17","date_gmt":"2024-10-06T11:44:17","guid":{"rendered":"https:\/\/maboule.be\/index.php\/portfolio_page\/le-kramozaure-2-2\/"},"modified":"2024-11-01T08:51:13","modified_gmt":"2024-11-01T07:51:13","slug":"i-think-we-need-to-talk","status":"publish","type":"portfolio_page","link":"https:\/\/maboule.be\/index.php\/portfolio_page\/i-think-we-need-to-talk\/","title":{"rendered":"I Think We Need To Talk"},"content":{"rendered":"<div class=\"wpb-content-wrapper\"><p>[vc_row css_animation=\u00a0\u00bb\u00a0\u00bb row_type=\u00a0\u00bbrow\u00a0\u00bb use_row_as_full_screen_section=\u00a0\u00bbno\u00a0\u00bb type=\u00a0\u00bbfull_width\u00a0\u00bb angled_section=\u00a0\u00bbno\u00a0\u00bb text_align=\u00a0\u00bbleft\u00a0\u00bb background_image_as_pattern=\u00a0\u00bbwithout_pattern\u00a0\u00bb][vc_column][vc_empty_space][vc_column_text css=\u00a0\u00bb\u00a0\u00bb]<\/p>\n<h2 style=\"text-align: left;\"><b>Performance <\/b><\/h2>\n<h3 style=\"text-align: left;\"><b>Puppet pop troc*\u00a0 \u2013 Premi\u00e8re FWB<\/b><\/h3>\n<h3 style=\"text-align: left;\"><\/h3>\n<p>[\/vc_column_text][vc_empty_space][vc_column_text css=\u00a0\u00bb\u00a0\u00bb]<\/p>\n<p style=\"text-align: left;\"><b>Une performance avec peu de mots et beaucoup de laine\u2026 rose ! <\/b><\/p>\n<p style=\"text-align: left;\">Ce collectif d&rsquo;artistes bas\u00e9 \u00e0 Gand pr\u00e9sente <span style=\"font-weight: 400;\">des interventions artistiques qui, de mani\u00e8re po\u00e9tique et parfois absurde, retissent des liens dans l&rsquo;espace public. <\/span><span style=\"font-weight: 400;\">Un bijou esth\u00e9tique et collaboratif qui navigue entre sculpture architecturale, exp\u00e9rience sociale, th\u00e9\u00e2tre visuel et chor\u00e9graphie ludique.<\/span><\/p>\n<p><iframe loading=\"lazy\" width=\"560\" height=\"315\" src=\"https:\/\/www.youtube.com\/embed\/LjDfAyOPE40?si=eUXONTdSzo4YKc_P\" title=\"YouTube video player\" frameborder=\"0\" allow=\"accelerometer; autoplay; clipboard-write; encrypted-media; gyroscope; picture-in-picture; web-share\" referrerpolicy=\"strict-origin-when-cross-origin\" allowfullscreen><\/iframe>[\/vc_column_text][vc_empty_space][vc_column_text css=\u00a0\u00bb\u00a0\u00bb]<\/p>\n<h3 style=\"text-align: left;\"><b>Distribution<\/b><\/h3>\n<p style=\"text-align: left;\"><span style=\"font-weight: 400;\">De Katrijn De Cooman, Carli Gellings, Jitse Huysmans &amp; Chlo\u00e9 Geers (recherche pr\u00e9liminaire)<\/span><\/p>\n<p style=\"text-align: left;\"><span style=\"font-weight: 400;\">Avec Katrijn De Cooman, Jitse Huysmans &amp; Pepijn Huysman (stage)<\/span><\/p>\n<p><em>* Dans le cadre de Cultuur Culture 2024 : une coop\u00e9ration culturelle entre les communaut\u00e9s francophones et flamandes de Belgique. Le projet Puppet pop troc initi\u00e9 par le TOF THEATRE\/ Le Festival MAboule \/ Le Centre Culturel Het Gasthuis d\u2019Aarschot \/ Le festival Boze Wolf vise \u00e0 favoriser l\u2019inter-connaissance, \u00a0l\u2019\u00e9change et la collaboration entre plusieurs acteurs culturels importants du secteur de la marionnette et des arts associ\u00e9s.<\/em>[\/vc_column_text][vc_empty_space][vc_column_text css=\u00a0\u00bb\u00a0\u00bb]<\/p>\n<h5 style=\"text-align: center;\"><strong><a href=\"http:\/\/www.collectiefeland.be\/\">www.collectiefeland.be<\/a><\/strong><\/h5>\n<p>[\/vc_column_text][\/vc_column][\/vc_row]<\/p>\n<\/div>","protected":false},"excerpt":{"rendered":"<p>[vc_row css_animation=\u00a0\u00bb\u00a0\u00bb row_type=\u00a0\u00bbrow\u00a0\u00bb use_row_as_full_screen_section=\u00a0\u00bbno\u00a0\u00bb type=\u00a0\u00bbfull_width\u00a0\u00bb angled_section=\u00a0\u00bbno\u00a0\u00bb text_align=\u00a0\u00bbleft\u00a0\u00bb background_image_as_pattern=\u00a0\u00bbwithout_pattern\u00a0\u00bb][vc_column][vc_empty_space][vc_column_text css=\u00a0\u00bb\u00a0\u00bb] Performance Puppet pop troc*\u00a0 \u2013 Premi\u00e8re FWB [\/vc_column_text][vc_empty_space][vc_column_text css=\u00a0\u00bb\u00a0\u00bb] Une performance avec peu de mots et beaucoup de laine\u2026 rose ! Ce collectif d&rsquo;artistes bas\u00e9 \u00e0 Gand pr\u00e9sente des interventions artistiques qui, de mani\u00e8re po\u00e9tique et&#8230;<\/p>\n","protected":false},"author":2,"featured_media":2493,"menu_order":0,"comment_status":"closed","ping_status":"closed","template":"","portfolio_category":[158,163,164,165,159,160,161,162,148,156,157,138,166],"portfolio_tag":[],"class_list":["post-1938","portfolio_page","type-portfolio_page","status-publish","has-post-thumbnail","hentry","portfolio_category-des-1-an","portfolio_category-des-10-ans","portfolio_category-des-12-ans","portfolio_category-des-14-ans","portfolio_category-des-4-ans","portfolio_category-des-5-ans","portfolio_category-des-6-ans","portfolio_category-des-8-ans","portfolio_category-dans-les-rues-de-genappe-23","portfolio_category-gratuit-prog-24","portfolio_category-non-verbal","portfolio_category-prog-24","portfolio_category-tout-public"],"_links":{"self":[{"href":"https:\/\/maboule.be\/index.php\/wp-json\/wp\/v2\/portfolio_page\/1938","targetHints":{"allow":["GET"]}}],"collection":[{"href":"https:\/\/maboule.be\/index.php\/wp-json\/wp\/v2\/portfolio_page"}],"about":[{"href":"https:\/\/maboule.be\/index.php\/wp-json\/wp\/v2\/types\/portfolio_page"}],"author":[{"embeddable":true,"href":"https:\/\/maboule.be\/index.php\/wp-json\/wp\/v2\/users\/2"}],"replies":[{"embeddable":true,"href":"https:\/\/maboule.be\/index.php\/wp-json\/wp\/v2\/comments?post=1938"}],"wp:featuredmedia":[{"embeddable":true,"href":"https:\/\/maboule.be\/index.php\/wp-json\/wp\/v2\/media\/2493"}],"wp:attachment":[{"href":"https:\/\/maboule.be\/index.php\/wp-json\/wp\/v2\/media?parent=1938"}],"wp:term":[{"taxonomy":"portfolio_category","embeddable":true,"href":"https:\/\/maboule.be\/index.php\/wp-json\/wp\/v2\/portfolio_category?post=1938"},{"taxonomy":"portfolio_tag","embeddable":true,"href":"https:\/\/maboule.be\/index.php\/wp-json\/wp\/v2\/portfolio_tag?post=1938"}],"curies":[{"name":"wp","href":"https:\/\/api.w.org\/{rel}","templated":true}]}}

<div class="wpb-content-wrapper"><p>[vc_row css_animation= » » row_type= »row » use_row_as_full_screen_section= »no » type= »full_width » angled_section= »no » text_align= »left » background_image_as_pattern= »without_pattern »][vc_column][vc_empty_space][vc_column_text css= » »]</p>
<h2 style="text-align: left;"><b>Performance </b></h2>
<h3 style="text-align: left;"><b>Puppet pop troc*  – Première FWB</b></h3>
<h3 style="text-align: left;"></h3>
<p>[/vc_column_text][vc_empty_space][vc_column_text css= » »]</p>
<p style="text-align: left;"><b>Une performance avec peu de mots et beaucoup de laine… rose ! </b></p>
<p style="text-align: left;">Ce collectif d&rsquo;artistes basé à Gand présente <span style="font-weight: 400;">des interventions artistiques qui, de manière poétique et parfois absurde, retissent des liens dans l&rsquo;espace public. </span><span style="font-weight: 400;">Un bijou esthétique et collaboratif qui navigue entre sculpture architecturale, expérience sociale, théâtre visuel et chorégraphie ludique.</span></p>
<p><iframe loading="lazy" width="560" height="315" src="https://www.youtube.com/embed/LjDfAyOPE40?si=eUXONTdSzo4YKc_P" title="YouTube video player" frameborder="0" allow="accelerometer; autoplay; clipboard-write; encrypted-media; gyroscope; picture-in-picture; web-share" referrerpolicy="strict-origin-when-cross-origin" allowfullscreen></iframe>[/vc_column_text][vc_empty_space][vc_column_text css= » »]</p>
<h3 style="text-align: left;"><b>Distribution</b></h3>
<p style="text-align: left;"><span style="font-weight: 400;">De Katrijn De Cooman, Carli Gellings, Jitse Huysmans &amp; Chloé Geers (recherche préliminaire)</span></p>
<p style="text-align: left;"><span style="font-weight: 400;">Avec Katrijn De Cooman, Jitse Huysmans &amp; Pepijn Huysman (stage)</span></p>
<p><em>* Dans le cadre de Cultuur Culture 2024 : une coopération culturelle entre les communautés francophones et flamandes de Belgique. Le projet Puppet pop troc initié par le TOF THEATRE/ Le Festival MAboule / Le Centre Culturel Het Gasthuis d’Aarschot / Le festival Boze Wolf vise à favoriser l’inter-connaissance,  l’échange et la collaboration entre plusieurs acteurs culturels importants du secteur de la marionnette et des arts associés.</em>[/vc_column_text][vc_empty_space][vc_column_text css= » »]</p>
<h5 style="text-align: center;"><strong><a href="http://www.collectiefeland.be/">www.collectiefeland.be</a></strong></h5>
<p>[/vc_column_text][/vc_column][/vc_row]</p>
</div>

<p>[vc_row css_animation= » » row_type= »row » use_row_as_full_screen_section= »no » type= »full_width » angled_section= »no » text_align= »left » background_image_as_pattern= »without_pattern »][vc_column][vc_empty_space][vc_column_text css= » »] Performance Puppet pop troc*  – Première FWB [/vc_column_text][vc_empty_space][vc_column_text css= » »] Une performance avec peu de mots et beaucoup de laine… rose ! Ce collectif d&rsquo;artistes basé à Gand présente des interventions artistiques qui, de manière poétique et&#8230;</p>
