{"id":3037,"date":"2025-04-28T16:03:58","date_gmt":"2025-04-28T14:03:58","guid":{"rendered":"https:\/\/maboule.be\/?page_id=3037"},"modified":"2026-01-19T10:53:06","modified_gmt":"2026-01-19T09:53:06","slug":"maboule-25","status":"publish","type":"page","link":"https:\/\/maboule.be\/","title":{"rendered":"MAboule 25"},"content":{"rendered":"<div class=\"wpb-content-wrapper\"><p>[vc_row css_animation=\u00a0\u00bb\u00a0\u00bb row_type=\u00a0\u00bbrow\u00a0\u00bb use_row_as_full_screen_section=\u00a0\u00bbno\u00a0\u00bb type=\u00a0\u00bbfull_width\u00a0\u00bb angled_section=\u00a0\u00bbno\u00a0\u00bb text_align=\u00a0\u00bbleft\u00a0\u00bb background_image_as_pattern=\u00a0\u00bbwithout_pattern\u00a0\u00bb z_index=\u00a0\u00bb\u00a0\u00bb side_padding=\u00a0\u00bb2&Prime; anchor=\u00a0\u00bbtexte22&Prime; css=\u00a0\u00bb.vc_custom_1761557884648{background-color: #FFFFFF !important;}\u00a0\u00bb padding_bottom=\u00a0\u00bb0&Prime;][vc_column][vc_empty_space height=\u00a0\u00bb30px\u00a0\u00bb][vc_video link=\u00a0\u00bbhttps:\/\/youtu.be\/Xbtg5z0XHLA\u00a0\u00bb css=\u00a0\u00bb\u00a0\u00bb][vc_empty_space height=\u00a0\u00bb30px\u00a0\u00bb][vc_column_text css=\u00a0\u00bb\u00a0\u00bb]<\/p>\n<h1 style=\"text-align: center;\">Le TOF Th\u00e9\u00e2tre et le MONTY vous attendent<\/h1>\n<h1 style=\"text-align: center;\">les 17, 18, 19 et 20 d\u00e9cembre 2026<\/h1>\n<h1 style=\"text-align: center;\">pour la 12<sup>\u00e9me<\/sup> \u00e9dition du Festival MAboule.<\/h1>\n<p>[\/vc_column_text][vc_empty_space height=\u00a0\u00bb30px\u00a0\u00bb][vc_empty_space height=\u00a0\u00bb30px\u00a0\u00bb][vc_empty_space height=\u00a0\u00bb15px\u00a0\u00bb][vc_empty_space height=\u00a0\u00bb15px\u00a0\u00bb][\/vc_column][\/vc_row][vc_row css_animation=\u00a0\u00bb\u00a0\u00bb row_type=\u00a0\u00bbrow\u00a0\u00bb use_row_as_full_screen_section=\u00a0\u00bbno\u00a0\u00bb type=\u00a0\u00bbfull_width\u00a0\u00bb angled_section=\u00a0\u00bbno\u00a0\u00bb text_align=\u00a0\u00bbleft\u00a0\u00bb background_image_as_pattern=\u00a0\u00bbwithout_pattern\u00a0\u00bb][vc_column css=\u00a0\u00bb.vc_custom_1765205663803{padding-top: 20px !important;padding-right: 20px !important;padding-bottom: 20px !important;padding-left: 20px !important;background-color: #168D8F !important;border-radius: 10px !important;}\u00a0\u00bb][vc_empty_space height=\u00a0\u00bb15px\u00a0\u00bb][vc_column_text css=\u00a0\u00bb\u00a0\u00bb el_class=\u00a0\u00bbvert\u00a0\u00bb]<\/p>\n<div class=\"xdj266r x14z9mp xat24cr x1lziwak x1vvkbs x126k92a\">\n<div dir=\"auto\" style=\"text-align: center;\">\n<p><span class=\"html-span xdj266r x14z9mp xat24cr x1lziwak xexx8yu xyri2b x18d9i69 x1c1uobl x1hl2dhg x16tdsg8 x1vvkbs\"><a class=\"x1i10hfl xjbqb8w x1ejq31n x18oe1m7 x1sy0etr xstzfhl x972fbf x10w94by x1qhh985 x14e42zd x9f619 x1ypdohk xt0psk2 x3ct3a4 xdj266r x14z9mp xat24cr x1lziwak xexx8yu xyri2b x18d9i69 x1c1uobl x16tdsg8 x1hl2dhg xggy1nq x1a2a7pz xkrqix3 x1sur9pj x1fey0fg x1s688f\" tabindex=\"0\" role=\"link\" href=\"https:\/\/www.facebook.com\/profile.php?id=100068089156941&amp;__cft__[0]=AZUdUt7kPXjW2YTqqqY5NOt8HjNsty1u3XytX0fY1OGoJ2BW2ijPbOGgWjBZhR1Mqt8u1ti_ZsFhh9Frjk9yuFiDXX2oPXuHwd6Kus425B5XO1WNZs0-qei-sc2XavGZE3q1EAlIo9uEPEeDN2b0DnmfVwSjJtIXEYr_nm_cum7uomDQ-xduI6akMzqUL6LbWG_Co6ysTaMhuFnZHEWvyOwC25VEqoq7NHh-Omy09rzSyQ&amp;__tn__=-]K-R\"><span class=\"xt0psk2\">Genappe perd la boule<\/span><\/a><\/span> : un march\u00e9 de No\u00ebl \u00e9tendu et 18 spectacles\u00a0 en salle et en rue propos\u00e9s par le <span class=\"html-span xdj266r x14z9mp xat24cr x1lziwak xexx8yu xyri2b x18d9i69 x1c1uobl x1hl2dhg x16tdsg8 x1vvkbs\"><a class=\"x1i10hfl xjbqb8w x1ejq31n x18oe1m7 x1sy0etr xstzfhl x972fbf x10w94by x1qhh985 x14e42zd x9f619 x1ypdohk xt0psk2 x3ct3a4 xdj266r x14z9mp xat24cr x1lziwak xexx8yu xyri2b x18d9i69 x1c1uobl x16tdsg8 x1hl2dhg xggy1nq x1a2a7pz xkrqix3 x1sur9pj x1fey0fg x1s688f\" tabindex=\"0\" role=\"link\" href=\"https:\/\/www.facebook.com\/events\/3304993446316643\/?__cft__[0]=AZUdUt7kPXjW2YTqqqY5NOt8HjNsty1u3XytX0fY1OGoJ2BW2ijPbOGgWjBZhR1Mqt8u1ti_ZsFhh9Frjk9yuFiDXX2oPXuHwd6Kus425B5XO1WNZs0-qei-sc2XavGZE3q1EAlIo9uEPEeDN2b0DnmfVwSjJtIXEYr_nm_cum7uomDQ-xduI6akMzqUL6LbWG_Co6ysTaMhuFnZHEWvyOwC25VEqoq7NHh-Omy09rzSyQ&amp;__tn__=-UK-R\"><span class=\"xt0psk2\"><span class=\"xjp7ctv\">Festival MAboule, Marionnettes et Arts Associ\u00e9s<\/span><\/span><\/a><\/span> !<\/p>\n<\/div>\n<\/div>\n<div class=\"x14z9mp xat24cr x1lziwak x1vvkbs xtlvy1s x126k92a\" style=\"text-align: center;\">\n<div dir=\"auto\">Cette ann\u00e9e, le march\u00e9 s&rsquo;\u00e9tend d\u00e9sormais de l&rsquo;\u00e9glise jusqu&rsquo;\u00e0 la plaine communale gr\u00e2ce au soutien de l&rsquo;\u00e9chevin des f\u00eates Michael Rouffiange et \u00e0 la collaboration du <span class=\"html-span xdj266r x14z9mp xat24cr x1lziwak xexx8yu xyri2b x18d9i69 x1c1uobl x1hl2dhg x16tdsg8 x1vvkbs\"><a class=\"x1i10hfl xjbqb8w x1ejq31n x18oe1m7 x1sy0etr xstzfhl x972fbf x10w94by x1qhh985 x14e42zd x9f619 x1ypdohk xt0psk2 x3ct3a4 xdj266r x14z9mp xat24cr x1lziwak xexx8yu xyri2b x18d9i69 x1c1uobl x16tdsg8 x1hl2dhg xggy1nq x1a2a7pz xkrqix3 x1sur9pj x1fey0fg x1s688f\" tabindex=\"0\" role=\"link\" href=\"https:\/\/www.facebook.com\/cdfdgenappe?__cft__[0]=AZUdUt7kPXjW2YTqqqY5NOt8HjNsty1u3XytX0fY1OGoJ2BW2ijPbOGgWjBZhR1Mqt8u1ti_ZsFhh9Frjk9yuFiDXX2oPXuHwd6Kus425B5XO1WNZs0-qei-sc2XavGZE3q1EAlIo9uEPEeDN2b0DnmfVwSjJtIXEYr_nm_cum7uomDQ-xduI6akMzqUL6LbWG_Co6ysTaMhuFnZHEWvyOwC25VEqoq7NHh-Omy09rzSyQ&amp;__tn__=-]K-R\"><span class=\"xt0psk2\"><span class=\"xjp7ctv\">Comit\u00e9 des f\u00eates de Genappe<\/span><\/span><\/a><\/span> et des services de la <span class=\"html-span xdj266r x14z9mp xat24cr x1lziwak xexx8yu xyri2b x18d9i69 x1c1uobl x1hl2dhg x16tdsg8 x1vvkbs\"><a class=\"x1i10hfl xjbqb8w x1ejq31n x18oe1m7 x1sy0etr xstzfhl x972fbf x10w94by x1qhh985 x14e42zd x9f619 x1ypdohk xt0psk2 x3ct3a4 xdj266r x14z9mp xat24cr x1lziwak xexx8yu xyri2b x18d9i69 x1c1uobl x16tdsg8 x1hl2dhg xggy1nq x1a2a7pz xkrqix3 x1sur9pj x1fey0fg x1s688f\" tabindex=\"0\" role=\"link\" href=\"https:\/\/www.facebook.com\/VilledeGenappe?__cft__[0]=AZUdUt7kPXjW2YTqqqY5NOt8HjNsty1u3XytX0fY1OGoJ2BW2ijPbOGgWjBZhR1Mqt8u1ti_ZsFhh9Frjk9yuFiDXX2oPXuHwd6Kus425B5XO1WNZs0-qei-sc2XavGZE3q1EAlIo9uEPEeDN2b0DnmfVwSjJtIXEYr_nm_cum7uomDQ-xduI6akMzqUL6LbWG_Co6ysTaMhuFnZHEWvyOwC25VEqoq7NHh-Omy09rzSyQ&amp;__tn__=-]K-R\"><span class=\"xt0psk2\"><span class=\"xjp7ctv\">Ville de Genappe<\/span><\/span><\/a><\/span> !<\/div>\n<\/div>\n<p>[\/vc_column_text][vc_empty_space height=\u00a0\u00bb15px\u00a0\u00bb][vc_empty_space height=\u00a0\u00bb15px\u00a0\u00bb]<a  itemprop=\"url\" href=\"https:\/\/www.fetesagenappe.be\/index.php\" target=\"_self\"  class=\"qbutton  center default\" style=\"\">March\u00e9 de No\u00ebl<\/a>[vc_empty_space height=\u00a0\u00bb15px\u00a0\u00bb][vc_empty_space height=\u00a0\u00bb15px\u00a0\u00bb][\/vc_column][\/vc_row][vc_row css_animation=\u00a0\u00bb\u00a0\u00bb row_type=\u00a0\u00bbrow\u00a0\u00bb use_row_as_full_screen_section=\u00a0\u00bbno\u00a0\u00bb type=\u00a0\u00bbfull_width\u00a0\u00bb angled_section=\u00a0\u00bbno\u00a0\u00bb text_align=\u00a0\u00bbleft\u00a0\u00bb background_image_as_pattern=\u00a0\u00bbwithout_pattern\u00a0\u00bb][vc_column width=\u00a0\u00bb1\/3&Prime;][vc_empty_space height=\u00a0\u00bb15px\u00a0\u00bb][\/vc_column][vc_column width=\u00a0\u00bb1\/3&Prime;][vc_empty_space height=\u00a0\u00bb15px\u00a0\u00bb][\/vc_column][\/vc_row][vc_row css_animation=\u00a0\u00bb\u00a0\u00bb row_type=\u00a0\u00bbrow\u00a0\u00bb use_row_as_full_screen_section=\u00a0\u00bbno\u00a0\u00bb type=\u00a0\u00bbfull_width\u00a0\u00bb angled_section=\u00a0\u00bbno\u00a0\u00bb text_align=\u00a0\u00bbleft\u00a0\u00bb background_image_as_pattern=\u00a0\u00bbwithout_pattern\u00a0\u00bb css=\u00a0\u00bb.vc_custom_1761578616665{background-color: #168D8F !important;}\u00a0\u00bb z_index=\u00a0\u00bb\u00a0\u00bb][vc_column css=\u00a0\u00bb.vc_custom_1764071058844{padding-top: 20px !important;padding-right: 20px !important;padding-bottom: 20px !important;padding-left: 20px !important;background-color: #FFFFFF !important;border-radius: 10px !important;}\u00a0\u00bb][vc_empty_space height=\u00a0\u00bb15px\u00a0\u00bb][vc_column_text css=\u00a0\u00bb\u00a0\u00bb el_class=\u00a0\u00bbvert\u00a0\u00bb]<\/p>\n<div class=\"xdj266r x14z9mp xat24cr x1lziwak x1vvkbs x126k92a\">\n<div dir=\"auto\" style=\"text-align: center;\"><\/div>\n<\/div>\n<div class=\"x14z9mp xat24cr x1lziwak x1vvkbs xtlvy1s x126k92a\" style=\"text-align: center;\">\n<div dir=\"auto\">MAboule est l\u2019un des rares festivals de\u0301die\u0301s a\u0300 l\u2019art de la marionnette contemporaine en Fe\u0301de\u0301ration Wallonie-Bruxelles. Il est organise\u0301 par les \u00e9quipes de l<b>\u2019asbl MAboule<\/b>, du <b>TOF The\u0301a\u0302tre et du MONTY Tiers-Lieu<\/b>, il est co-finance\u0301 par le TOF Th\u00e9\u00e2tre, la Ville de Genappe,\u00a0 la Province du Brabant wallon, \u00a0le Centre Culturel du Brabant-Wallon et la Loterie Nationale (FWB).<\/div>\n<\/div>\n<p style=\"text-align: center;\"><b>Le festival existe gr\u00e2ce \u00e0 l\u2019aide de nombreux b\u00e9n\u00e9voles et \u00e0 l\u2019implication des citoyens de l\u2019entit\u00e9 qui accueillent les artistes chez eux.\u00a0<\/b><\/p>\n<p style=\"text-align: center;\"><b><br \/>\n<\/b><b>Un merci tout particulier <\/b><span style=\"font-weight: 400;\">aux conseils d\u2019administration du TOF Th\u00e9\u00e2tre, du MONTY Tiers-lieu et de l\u2019asbl MAboule, <\/span><b>\u00e0 l\u2019\u00c9cole secondaire Nespa &#8211; BW<\/b><b>, aux <\/b><span style=\"font-weight: 400;\">\u00e9quipes de La <\/span><b>Maison Galil\u00e9e, de la Salle Saint-Martin,<\/b><span style=\"font-weight: 400;\"> de l\u2019<\/span><b>Espace 2000 (salle polyvalente), du Caf\u00e9 de La Lanterne, <\/b><b>du 38, du Centre Culturel de Brabant-Wallon et \u00e0 Yves Daloze.<\/b><\/p>\n<p style=\"text-align: center;\"><span style=\"font-weight: 400;\">Avec le soutien <\/span><span style=\"font-weight: 400;\">des partenaires <\/span><span style=\"font-weight: 400;\">locaux de Genappe : Immo Daloze, La Lanterne, Genappe vision, Le potager des Hasquettes, Vinicole Leloup, Le Notariat, Le Chai et la souris Fromagerie et Bar \u00e0 vin, Taxi Girboux, Les Salaisons du Lothier, Le Domaine de Glabais et la friterie Pinocchio.<\/span><\/p>\n<p>[\/vc_column_text][vc_single_image image=\u00a0\u00bb3303&Prime; img_size=\u00a0\u00bbfull\u00a0\u00bb alignment=\u00a0\u00bbcenter\u00a0\u00bb css=\u00a0\u00bb\u00a0\u00bb qode_css_animation=\u00a0\u00bb\u00a0\u00bb][\/vc_column][\/vc_row]<\/p>\n<\/div>","protected":false},"excerpt":{"rendered":"<p>[vc_row css_animation=\u00a0\u00bb\u00a0\u00bb row_type=\u00a0\u00bbrow\u00a0\u00bb use_row_as_full_screen_section=\u00a0\u00bbno\u00a0\u00bb type=\u00a0\u00bbfull_width\u00a0\u00bb angled_section=\u00a0\u00bbno\u00a0\u00bb text_align=\u00a0\u00bbleft\u00a0\u00bb background_image_as_pattern=\u00a0\u00bbwithout_pattern\u00a0\u00bb z_index=\u00a0\u00bb\u00a0\u00bb side_padding=\u00a0\u00bb2&Prime; anchor=\u00a0\u00bbtexte22&Prime; css=\u00a0\u00bb.vc_custom_1761557884648{background-color: #FFFFFF !important;}\u00a0\u00bb padding_bottom=\u00a0\u00bb0&Prime;][vc_column][vc_empty_space height=\u00a0\u00bb30px\u00a0\u00bb][vc_video link=\u00a0\u00bbhttps:\/\/youtu.be\/Xbtg5z0XHLA\u00a0\u00bb css=\u00a0\u00bb\u00a0\u00bb][vc_empty_space height=\u00a0\u00bb30px\u00a0\u00bb][vc_column_text css=\u00a0\u00bb\u00a0\u00bb] Le TOF Th\u00e9\u00e2tre et le MONTY vous attendent les 17, 18, 19 et 20 d\u00e9cembre 2026 pour la 12\u00e9me \u00e9dition du Festival MAboule. [\/vc_column_text][vc_empty_space height=\u00a0\u00bb30px\u00a0\u00bb][vc_empty_space&#8230;<\/p>\n","protected":false},"author":2,"featured_media":0,"parent":0,"menu_order":0,"comment_status":"closed","ping_status":"closed","template":"","meta":{"inline_featured_image":false,"footnotes":""},"class_list":["post-3037","page","type-page","status-publish","hentry"],"_links":{"self":[{"href":"https:\/\/maboule.be\/index.php\/wp-json\/wp\/v2\/pages\/3037","targetHints":{"allow":["GET"]}}],"collection":[{"href":"https:\/\/maboule.be\/index.php\/wp-json\/wp\/v2\/pages"}],"about":[{"href":"https:\/\/maboule.be\/index.php\/wp-json\/wp\/v2\/types\/page"}],"author":[{"embeddable":true,"href":"https:\/\/maboule.be\/index.php\/wp-json\/wp\/v2\/users\/2"}],"replies":[{"embeddable":true,"href":"https:\/\/maboule.be\/index.php\/wp-json\/wp\/v2\/comments?post=3037"}],"version-history":[{"count":25,"href":"https:\/\/maboule.be\/index.php\/wp-json\/wp\/v2\/pages\/3037\/revisions"}],"predecessor-version":[{"id":3635,"href":"https:\/\/maboule.be\/index.php\/wp-json\/wp\/v2\/pages\/3037\/revisions\/3635"}],"wp:attachment":[{"href":"https:\/\/maboule.be\/index.php\/wp-json\/wp\/v2\/media?parent=3037"}],"curies":[{"name":"wp","href":"https:\/\/api.w.org\/{rel}","templated":true}]}}